hat is w(s)?
1
Let w(o) = o + 4. Suppose 3*l + z - 25 = 40, 0 = l - 5*z - 11. Suppose -l = 38*b - 31*b. What is w(b)?
1
Let y be 3/15 + 78/10. Suppose 0 = -9*k + 5*k - y. Let c(d) = d**2 + 3*d + 7. Let q(p) = p + 3. Let l(g) = -2*c(g) + 5*q(g). What is l(k)?
-5
Let j(p) = -p**3 - 20*p**2 + 13*p - 55. Let x(n) = 3*n**3 + 40*n**2 - 22*n + 113. Let u(f) = -5*j(f) - 2*x(f). Calculate u(19).
11
Let b(a) = a**3 - 3*a**2 + a + 1. Let c = 24 + -48. Let p be ((-2)/(-8))/((-4 + 1)/c). Suppose 3*r - 26 = -5*i, -i - 10 = -3*r - p*i. What is b(r)?
-1
Let i(g) = 3*g**3 + 0*g**3 - 5*g - 24*g**2 - 16 + 21*g**2 - 19*g**3 + 14*g**3. Calculate i(-3).
26
Let n(y) = -7*y + 8. Let x(t) = 3*t**2 + 62*t + 32. Let w be x(-20). Determine n(w).
64
Let v(w) = -12*w + 182. Let k be (6*(-10)/100)/(1/(-25)). Let o be v(k). Let l(f) = -3*f**3 + 2*f**2 - 2*f. Give l(o).
-20
Let k(y) = -3*y**3 + 13*y**2 - 9*y + 11. Let p be k(4). Let o(b) be the third derivative of 1/24*b**4 + 17/6*b**3 + 3*b**2 + 0*b + 0. Determine o(p).
8
Let s = 120 + -128. Let q(m) = m**2 + 9*m + 5. Let k be q(s). Let j(z) = 5*z + 2. Calculate j(k).
-13
Suppose 6*p = -p + 1757. Let m = 252 - p. Let g(y) = -20*y**3 + 8*y**2 - y + 6. Let d(f) = 21*f**3 - 9*f**2 + f - 7. Let z(w) = 6*d(w) + 7*g(w). Calculate z(m).
-13
Let d(p) = -7*p**2 - 4*p - 3. Let l(v) be the first derivative of -v**3 - v - 5. Let w(k) = -d(k) + 3*l(k). Give w(3).
-6
Suppose -2*h + 0*h = 4. Let t(z) = z**3 + z**2 - 3*z - 3. Let j be t(h). Let b(k) be the second derivative of k**5/20 + k**3/6 + 6*k. Calculate b(j).
-2
Let y = -117 + 120. Suppose a - 19 = -3*u, 3*u = -y*a + a + 20. Let w(f) = 5*f + 4 + 3*f**2 + 4 - 4*f**2. Calculate w(u).
2
Let w = 193 - 187. Suppose 11*q - 5*q - w = 0. Let h(f) = 5*f + 1. Give h(q).
6
Suppose 4*i = 2*p + 6, -3*p = -6*i + 7*i + 58. Let x(q) = 2*q - 19. What is x(p)?
-53
Let v(l) = l**2 + 9*l + 5. Let h = -191 - -193. Suppose -3*c + 0*x = 4*x + 8, h*c - 2*x = -24. Determine v(c).
-3
Let o(s) be the first derivative of 2*s**3/3 - 3*s**2 - 2*s + 70. Let m(c) = 2*c**2 - 6*c - 1. Let n(y) = -6*m(y) + 5*o(y). Calculate n(4).
-12
Let u = -80 - -84. Suppose u*x + t = 6*t - 27, -15 = 3*x - 2*t. Let j(r) be the third derivative of -r**4/8 - 2*r**3/3 + r**2. Give j(x).
5
Let l(m) = -30*m - 2. Let o(z) = -38*z - 4. Let a(k) = -5*l(k) + 4*o(k). Determine a(7).
-20
Let m(u) be the first derivative of 11*u**2/2 + 137*u - 6995. Give m(-12).
5
Let v(c) = c**3 + 10*c**2 + 6*c + 18. Suppose -5*f - 10*f - 96 = -3*f. Determine v(f).
98
Let o = 74 + -72. Suppose -2*h - 12 + 25 = -r, -o*h - 3*r = -33. Let c(m) = 11 - 2 - h - 3*m. Give c(-3).
9
Let r be (-22900)/(-80)*8/10. Suppose -r*y - 40 = -219*y. Let f(t) = -t**2 - 4*t - 14. Determine f(y).
-14
Let j = 156 + -150. Suppose -v + j = -3*v. Let k(u) = u**3 + u**2 - u + 3. Calculate k(v).
-12
Suppose t = -2*r + 31, -57 = -0*t - 2*t - 3*r. Let f = -33 + t. Let h(j) = 2*j + 20. What is h(f)?
-4
Let n = 36 + -105. Suppose x = -4*a - 289, 2*x = 3*a + 37 + 166. Let b = a - n. Let v(j) = j**3 + 2*j**2 - j + 1. Determine v(b).
3
Let p(c) = c**3 - 8. Let d be (-10)/4*(-630)/(-175). Let h(f) = -f**3 - 7*f**2 + 15*f - 27. Let s be h(d). Calculate p(s).
-8
Let v(k) = k**3 - 6*k**2 + 6*k - 4. Let a(t) = -2*t - 8. Let i be a(-6). Let b(f) = -3*f - 6 + f + 9*f + i. Let l be b(1). What is v(l)?
1
Let p(y) = y**3 - 7*y - 6. Let u be p(-2). Let z(s) be the second derivative of -1/6*s**3 + 4*s**2 - 3*s + 0. Give z(u).
8
Let y(a) = 2*a**2 - 2*a - 8. Let o be y(-4). Let q(f) = 0*f - 5*f + 33 + 2*f - o. Let c be (-3 + 3)/3 + -2. Calculate q(c).
7
Let f(g) = -2*g**2 - 69*g - 531. Let y be f(-23). Let m(q) = 4 - 2 + 0 - 3*q. Calculate m(y).
8
Let k(y) = -9*y**2 - 8*y - 13. Let z(j) = -13*j**2 - 6*j - 15. Let f(p) = 3*k(p) - 2*z(p). What is f(-10)?
11
Let s(f) = 6*f + 17. Let p(x) = -28*x - 90. Let r(g) = -3*p(g) - 16*s(g). Give r(-5).
58
Let d(w) = 32*w - 249. Let l be d(8). Let m(i) = i**2 - 5*i - 24. Calculate m(l).
-10
Let l be (-30)/(-12)*-1*8/(-10). Let y(c) = 6*c**2 - l + 3*c**2 + 3 - 10*c**2 + 2*c. Determine y(3).
-2
Let c(s) be the second derivative of s**6/720 - s**5/15 + s**4/6 - 9*s**3/2 - 118*s. Let y(n) be the third derivative of c(n). Determine y(-9).
-17
Let h(u) = 7*u - 25 + 3*u**2 + 20 + 3*u**2. Let i(s) = 5*s**2 + 6*s - 5. Let k(o) = 4*h(o) - 5*i(o). Calculate k(-3).
2
Let t(v) = v**2 - 15*v + 15. Suppose 0 = 88*x - 223 - 833. Calculate t(x).
-21
Let z(v) = -v**2 - 6*v - 9. Let x = -92 + 33. Let y = -63 - x. Give z(y).
-1
Let a(d) = -14 - 21*d + 0*d + 19*d**2 - 2*d**3 + 2*d**2 - 2*d**2 + 9*d**2. Let k(l) = -l**3 + 15*l**2 - 11*l - 7. Let m(g) = -4*a(g) + 7*k(g). What is m(6)?
13
Let p(a) be the first derivative of 2*a**3/3 + 3*a**2 - 10*a + 661. What is p(-5)?
10
Let a(u) be the first derivative of u**6/120 + u**5/120 - u**4/8 - 320*u**3/3 - 81. Let c(g) be the third derivative of a(g). Determine c(-3).
21
Let h = -374 + 179. Let u = h + 199. Let l(i) = 4 + 4*i**2 + i - 8 - i**3 + 2*i + 0*i. What is l(u)?
8
Suppose -2*k = 3*r - 7989, 0*r - 4*r - 2*k + 10652 = 0. Let u = 4801 - r. Let d(h) = 2137*h**2 + 6*h - h - u*h**2. Determine d(4).
4
Suppose 0 = 4*c - 14505 + 14525. Let u(d) = d - 22. Calculate u(c).
-27
Let q(r) = r**2 + 5*r + 2. Let i(b) = -11*b**2 - 58*b - 29. Let v(n) = -i(n) - 12*q(n). Determine v(5).
-30
Let z(o) be the first derivative of -o**3/3 - 6*o**2 + 2*o - 824. Give z(-12).
2
Let q(y) = 4*y**2 - 2*y + 3. Let w(f) = 8*f**2 - 3*f + 6. Let i(o) = -5*q(o) + 2*w(o). Let t be (-12 + 400/30)*((-9)/(-6) + 0). Calculate i(t).
-11
Let s(k) = 3*k + k + 2 - k. Let t(x) = -2*x**2 - 26*x + 4. Let u be t(-13). Suppose -5*f + 2*m + 18 - 7 = 0, -3*m + 18 = u*f. Calculate s(f).
11
Let b(w) be the third derivative of -w**4/24 + 2*w**3 + 2310*w**2 + 2*w. What is b(5)?
7
Suppose c - 3*k + 44 = -5*k, k - 78 = 2*c. Let h be 2/(-6) + (c/15 - -2). Let f(i) = 3 - 3*i**2 + 2*i**2 - 2. Determine f(h).
0
Suppose -83*z - 3618 = 117*z - 1218. Let l(a) = -8*a - 1. Give l(z).
95
Let a(o) = -o**3 - 4*o**2 + 5*o + 8. Suppose -268 = 103*x + 404 - 157. Give a(x).
8
Suppose 4*o = 19 + 1. Let b be (-1)/(o/(-20)) - 2. Let i(c) = -b*c**2 + 5*c**2 + 13 + 8*c - 4*c**2 - 9. What is i(8)?
4
Let o(z) = -z**3 - 13*z**2 + z + 9. Let u = -3552 + 3539. Determine o(u).
-4
Suppose 66 = t - 4*t. Let c = t - -22. Let o(b) = 5*b + 6. Let f(y) = y. Let w(h) = 6*f(h) - o(h). Give w(c).
-6
Let s = -4976 + 4978. Let d(w) = -6*w - 11. Give d(s).
-23
Let i(t) = t**2 + 7*t - 16. Let a be i(21). Let z(y) = -13*y + a - 290 - 281. Give z(-1).
14
Let i = 68 + -81. Let k = 20 - i. Suppose 0 = -w - k + 39. Let c(v) = v**3 - 6*v**2 + 4*v - 9. What is c(w)?
15
Let d(a) = -31*a**2 + 34*a + 42. Let c(z) = 9*z**2 - 12*z - 14. Let t(m) = 7*c(m) + 2*d(m). What is t(14)?
-42
Let h(m) = 7*m**3 + 10*m**2 - 21*m + 7. Let q(i) = 3*i**3 + 5*i**2 - 10*i + 3. Let l(p) = -5*h(p) + 11*q(p). Determine l(2).
-8
Suppose -136*x - 177*x = 879 - 3070. Let p(h) = -3*h**2 + 8. Give p(x).
-139
Let h(m) = 13*m - 16. Suppose -3*q + 3*l + 79 - 64 = 0, -2*q - 8*l = 20. Calculate h(q).
10
Let r(g) = -220*g - 480. Let w(m) = 145*m + 319. Let n(f) = -5*r(f) - 7*w(f). Give n(-2).
-3
Let c(r) be the second derivative of -r**4/12 - r**3/6 - 7*r**2 - 47*r. Suppose -5*p = -4*p. Determine c(p).
-14
Let o(m) = 0*m - m**3 + 4 - 6*m**2 + m + 1. Let k(r) = -15*r + 22. Let n(p) = -18*p + 23. Let z(x) = -5*k(x) + 4*n(x). Let g be z(4). Calculate o(g).
-1
Let z(g) = -26*g + 887. Let a be z(34). Let t(d) = d**3 - 4*d**2 + 5*d - 3. Give t(a).
3
Suppose 3*i - 27 = -3*l, -119 = -5*i - l - 58. Let r(u) = -u**2 + 5*u + 44. What is r(i)?
-60
Let z(r) = -11 - 3854*r**2 + 4*r + 5*r - 11*r + 3855*r**2. Determine z(6).
13
Let f(x) = x**3 - 3*x**2 + 2*x - 8. Let h be f(4). Suppose h*p = 17*p - 6. Let u(o) = o**2 + 32 - 4*o + o - 34 - 3*o. Give u(p).
-2
Let j(l) = -4*l - 12. Suppose 35*g = -31 + 171. Suppose 0 = -3*y - 4*d - 7 + g, d = -4*y - 17. What is j(y)?
8
Let s(v) = 12*v**2 - 14 - 34 + 2*v**3 - v**3 + 39*v - 33*v. What is s(-11)?
7
Let d(z) = 8 + 26 + 39*z + 21 - 2*z**2 - 11 - 13*z. What is d(15)?
-16
Let d(h) = 36*h + 84. Let p(o) = 82*o + 161. Let x(w) = 13*d(w) - 6*p(w). What is x(5)?
6
Let u(x) = -62*x + 17. Let m(q) = 43*q - 11. Let t(h) = -7*m(h) - 5*u(h). Give t(2).
10
Let 